{"id":2,"date":"2026-04-11T13:44:24","date_gmt":"2026-04-11T13:44:24","guid":{"rendered":"http:\/\/cwin88.info\/?page_id=2"},"modified":"2026-04-12T08:31:38","modified_gmt":"2026-04-12T08:31:38","slug":"trang-mau","status":"publish","type":"page","link":"https:\/\/cwin88.info\/","title":{"rendered":"Win88"},"content":{"rendered":"<div class=\"slider-wrapper relative\" id=\"slider-1104904745\" >\n    <div class=\"slider slider-nav-circle slider-nav-large slider-nav-light slider-style-normal\"\n        data-flickity-options='{\n            \"cellAlign\": \"center\",\n            \"imagesLoaded\": true,\n            \"lazyLoad\": 1,\n            \"freeScroll\": false,\n            \"wrapAround\": true,\n            \"autoPlay\": 6000,\n            \"pauseAutoPlayOnHover\" : true,\n            \"prevNextButtons\": true,\n            \"contain\" : true,\n            \"adaptiveHeight\" : true,\n            \"dragThreshold\" : 10,\n            \"percentPosition\": true,\n            \"pageDots\": true,\n            \"rightToLeft\": false,\n            \"draggable\": true,\n            \"selectedAttraction\": 0.1,\n            \"parallax\" : 0,\n            \"friction\": 0.6        }'\n        >\n        \n\t<div class=\"img has-hover x md-x lg-x y md-y lg-y\" id=\"image_820121217\">\n\t\t\t\t\t\t\t\t<div class=\"img-inner dark\" >\n\t\t\t<img loading=\"lazy\" decoding=\"async\" width=\"640\" height=\"299\" src=\"https:\/\/cwin88.info\/wp-content\/uploads\/2026\/04\/id_cbm_7fbe3067-e2c7-4558-96c4-7cd4e3e57a57_1767929220167.jpg\" class=\"attachment-original size-original\" alt=\"banner win88\" srcset=\"https:\/\/cwin88.info\/wp-content\/uploads\/2026\/04\/id_cbm_7fbe3067-e2c7-4558-96c4-7cd4e3e57a57_1767929220167.jpg 640w, https:\/\/cwin88.info\/wp-content\/uploads\/2026\/04\/id_cbm_7fbe3067-e2c7-4558-96c4-7cd4e3e57a57_1767929220167-300x140.jpg 300w\" sizes=\"auto, (max-width: 640px) 100vw, 640px\" \/>\t\t\t\t\t\t\n\t\t\t\t\t<\/div>\n\t\t\t\t\t\t\t\t\n<style>\n#image_820121217 {\n  width: 100%;\n}\n<\/style>\n\t<\/div>\n\t\n     <\/div>\n\n     <div class=\"loading-spin dark large centered\"><\/div>\n\n\t<\/div>\n\n\n\t<div id=\"gap-348168991\" class=\"gap-element clearfix\" style=\"display:block; height:auto;\">\n\t\t\n<style>\n#gap-348168991 {\n  padding-top: 30px;\n}\n<\/style>\n\t<\/div>\n\t\n<h1 class=\"section-title section-title-center\"><span class=\"section-title-main\">Win88 &#8211; Link Truy C\u1eadp Nh\u00e0 c\u00e1i win88.COM m\u1edbi nh\u1ea5t 2026<\/span><\/h1>\n<div class=\"flex flex-col text-sm pb-25\">\n<section class=\"text-token-text-primary w-full focus:outline-none [--shadow-height:45px] has-data-writing-block:pointer-events-none has-data-writing-block:-mt-(--shadow-height) has-data-writing-block:pt-(--shadow-height) [&amp;:has([data-writing-block])&gt;*]:pointer-events-auto scroll-mt-[calc(var(--header-height)+min(200px,max(70px,20svh)))]\" dir=\"auto\" data-turn-id=\"request-WEB:ad6778c8-3c56-43ba-918a-00b52c5b3e22-1\" data-testid=\"conversation-turn-4\" data-scroll-anchor=\"true\" data-turn=\"assistant\">\n<div class=\"text-base my-auto mx-auto pb-10 [--thread-content-margin:var(--thread-content-margin-xs,calc(var(--spacing)*4))] @w-sm\/main:[--thread-content-margin:var(--thread-content-margin-sm,calc(var(--spacing)*6))] @w-lg\/main:[--thread-content-margin:var(--thread-content-margin-lg,calc(var(--spacing)*16))] px-(--thread-content-margin)\">\n<div class=\"[--thread-content-max-width:40rem] @w-lg\/main:[--thread-content-max-width:48rem] mx-auto max-w-(--thread-content-max-width) flex-1 group\/turn-messages focus-visible:outline-hidden relative flex w-full min-w-0 flex-col agent-turn\">\n<div class=\"flex max-w-full flex-col gap-4 grow\">\n<div class=\"min-h-8 text-message relative flex w-full flex-col items-end gap-2 text-start break-words whitespace-normal outline-none keyboard-focused:focus-ring [.text-message+&amp;]:mt-1\" dir=\"auto\" tabindex=\"0\" data-message-author-role=\"assistant\" data-message-id=\"34758ab9-6e92-4682-befd-82ab83cb49d8\" data-message-model-slug=\"gpt-5-4-thinking\" data-turn-start-message=\"true\">\n<div class=\"flex w-full flex-col gap-1 empty:hidden\">\n<div class=\"markdown prose dark:prose-invert w-full wrap-break-word light markdown-new-styling\">\n<p data-start=\"0\" data-end=\"413\" data-is-last-node=\"\" data-is-only-node=\"\"><a href=\"https:\/\/cwin88.info\/\"><strong>Win88<\/strong><\/a> l\u00e0 l\u1ef1a ch\u1ecdn quen thu\u1ed9c c\u1ee7a nhi\u1ec1u ng\u01b0\u1eddi y\u00eau th\u00edch c\u00e1 c\u01b0\u1ee3c tr\u1ef1c tuy\u1ebfn nh\u1edd s\u1edf h\u1eefu h\u1ec7 sinh th\u00e1i gi\u1ea3i tr\u00ed \u0111a d\u1ea1ng v\u00e0 ch\u1ea5t l\u01b0\u1ee3ng. T\u1ea1i \u0111\u00e2y, ng\u01b0\u1eddi tham gia c\u00f3 th\u1ec3 kh\u00e1m ph\u00e1 nhi\u1ec1u s\u1ea3nh game n\u1ed5i b\u1eadt nh\u01b0 casino, th\u1ec3 thao, slot game, x\u1ed5 s\u1ed1 c\u00f9ng nhi\u1ec1u chuy\u00ean m\u1ee5c h\u1ea5p d\u1eabn kh\u00e1c. Kh\u00f4ng ch\u1ec9 v\u1eady, Win88 c\u00f2n ghi \u0111i\u1ec3m nh\u1edd m\u1ee9c tr\u1ea3 th\u01b0\u1edfng c\u1ea1nh tranh, g\u00f3p ph\u1ea7n t\u1ea1o n\u00ean s\u1ee9c h\u00fat ri\u00eang tr\u01b0\u1edbc h\u00e0ng lo\u1ea1t th\u01b0\u01a1ng hi\u1ec7u l\u1edbn tr\u00ean th\u1ecb tr\u01b0\u1eddng.<\/p>\n<\/div>\n<\/div>\n<\/div>\n<\/div>\n<\/div>\n<\/div>\n<\/section>\n<\/div>\n","protected":false},"excerpt":{"rendered":"<p>Win88 &#8211; Link Truy C\u1eadp Nh\u00e0 c\u00e1i win88.COM m\u1edbi nh\u1ea5t 2026 Win88 l\u00e0 l\u1ef1a ch\u1ecdn quen thu\u1ed9c c\u1ee7a nhi\u1ec1u ng\u01b0\u1eddi y\u00eau th\u00edch c\u00e1 c\u01b0\u1ee3c tr\u1ef1c tuy\u1ebfn nh\u1edd s\u1edf h\u1eefu h\u1ec7 sinh th\u00e1i gi\u1ea3i tr\u00ed \u0111a d\u1ea1ng v\u00e0 ch\u1ea5t l\u01b0\u1ee3ng. T\u1ea1i \u0111\u00e2y, ng\u01b0\u1eddi tham gia c\u00f3 th\u1ec3 kh\u00e1m ph\u00e1 nhi\u1ec1u s\u1ea3nh game n\u1ed5i b\u1eadt nh\u01b0 casino, [&#8230;]\n","protected":false},"author":1,"featured_media":0,"parent":0,"menu_order":0,"comment_status":"closed","ping_status":"open","template":"","meta":{"footnotes":""},"class_list":["post-2","page","type-page","status-publish","hentry"],"_links":{"self":[{"href":"https:\/\/cwin88.info\/index.php\/wp-json\/wp\/v2\/pages\/2","targetHints":{"allow":["GET"]}}],"collection":[{"href":"https:\/\/cwin88.info\/index.php\/wp-json\/wp\/v2\/pages"}],"about":[{"href":"https:\/\/cwin88.info\/index.php\/wp-json\/wp\/v2\/types\/page"}],"author":[{"embeddable":true,"href":"https:\/\/cwin88.info\/index.php\/wp-json\/wp\/v2\/users\/1"}],"replies":[{"embeddable":true,"href":"https:\/\/cwin88.info\/index.php\/wp-json\/wp\/v2\/comments?post=2"}],"version-history":[{"count":3,"href":"https:\/\/cwin88.info\/index.php\/wp-json\/wp\/v2\/pages\/2\/revisions"}],"predecessor-version":[{"id":40,"href":"https:\/\/cwin88.info\/index.php\/wp-json\/wp\/v2\/pages\/2\/revisions\/40"}],"wp:attachment":[{"href":"https:\/\/cwin88.info\/index.php\/wp-json\/wp\/v2\/media?parent=2"}],"curies":[{"name":"wp","href":"https:\/\/api.w.org\/{rel}","templated":true}]}}